et s = 6002 + 16208. List the prime factors of s.
2, 5, 2221
Let w = -18 + 20. Let f be ((-16)/6 - 0)/(w/(-3)). Suppose -f*b = -0*b - 52. What are the prime factors of b?
13
Suppose 104*j + 186622 = 150*j. What are the prime factors of j?
4057
Let n(l) = 2*l**3 - 11*l**2 - 12*l - 28. Let t be n(-4). Let h = 64 - t. List the prime factors of h.
2, 3, 29
Let u be -1*5/5 - 1248. Let n = u + 1755. List the prime factors of n.
2, 11, 23
Suppose -4*t + 17 + 29 = -3*p, -2*p - 2*t - 12 = 0. Let i(b) = 2*b**2 - 17*b - 59. List the prime factors of i(p).
311
Let s = 54 + -3. Suppose 4*g = -31 + s. Suppose -3*u + m + 231 = 0, 6*m = 4*u + g*m - 308. List the prime factors of u.
7, 11
List the prime factors of (-20101)/2*-2 + -6.
5, 4019
Let o(i) = 34*i - 199. Let u be o(6). Suppose -13*l + u*l = -5048. What are the prime factors of l?
631
Let h = 6855 - -1986. What are the prime factors of h?
3, 7, 421
What are the prime factors of -8 - (19 - 30) - (-18555 + -3)?
3, 23, 269
Suppose -2*i + 1044 + 20982 = -4*x, -2*i - 3*x = -22026. List the prime factors of i.
3, 3671
Suppose -14*o = 775 + 2529. Let p = o + 1233. What are the prime factors of p?
997
What are the prime factors of (5 + 10)/5 - -3168?
3, 7, 151
Let l(y) = -9*y**3 - 4*y**2 + 5*y + 4. Let s be l(5). Let c = 96 + s. List the prime factors of c/(-12) - 4/(-3).
3, 31
Let m(j) = -j + 33. Let y be m(33). Suppose -x + 158 = 4*a, 2*a + a - x - 115 = y. What are the prime factors of a?
3, 13
Suppose 0 = -2*i + r + 36070, 3113 = i + r - 14919. What are the prime factors of i?
2, 71, 127
Suppose 417 + 64 = g - 5*w, -2324 = -5*g - 2*w. Let p = -276 + g. What are the prime factors of p?
2, 5, 19
Suppose -5*r - 2238 = -4*l, -5*l + 0*l - 4*r + 2818 = 0. Let d = l + -286. List the prime factors of d.
2, 3, 23
Let a(v) = -358*v + 4656. Let n be a(13). Let l(j) = 22*j + 19. Let w(p) = 11*p + 10. Let s(d) = 6*l(d) - 10*w(d). List the prime factors of s(n).
2, 29
What are the prime factors of ((-17823)/3)/(5 - (5 - -1))?
13, 457
Let o(k) = 5*k**2 - 22*k - 2. Let u be o(5). Suppose u*x - 833 = 675. List the prime factors of x.
2, 29
Let u(y) = -626*y - 282. What are the prime factors of u(-11)?
2, 13, 127
Suppose -2*y - 383*a + 108778 = -386*a, -5*y = 5*a - 272020. List the prime factors of y.
2, 59, 461
Suppose 347 = 200*m - 201*m. Let r = 1179 - m. What are the prime factors of r?
2, 7, 109
Suppose -645 = -5*c - 3*h, 0 = 4*c - 3*h - 179 - 337. Suppose 2*d - c = 381. List the prime factors of d.
3, 5, 17
Let b(x) = -4*x - 33. Suppose 2*l + 44 = -8. What are the prime factors of b(l)?
71
Let b(x) = 60*x + 9. Let j be b(4). Let z = j - 28. Suppose 4*f = -2*l + 79 + z, 0 = -3*f + 3*l + 216. List the prime factors of f.
2, 37
Let n(p) = 27*p**2 - 28*p + 94. What are the prime factors of n(21)?
101, 113
Suppose 240*y + 665774 = 11943614. What are the prime factors of y?
7, 137
Let s(h) = -h**3 - 5*h**2 + 2*h + 10. Let t be 17 - (0 - 1)*4. Suppose -21 = 6*a + t. What are the prime factors of s(a)?
2, 47
Let l be 2 + 24/(-10) + 16/(-10). Let s be (l - -5)/((-6)/180*-3). What are the prime factors of ((-2)/(s/5))/(1/(-93))?
31
Let z(c) = c**2 - 24*c + 19. Let y(s) = -s**2 + 24*s - 18. Let k(a) = -2*y(a) - 3*z(a). Let h be 28 - (6 - 10 - -12). List the prime factors of k(h).
59
Let x = 53793 + -28607. List the prime factors of x.
2, 7, 257
Let o(k) = 21*k + 51. Suppose -2*b + 11 = z, 16 = b - 3*z - 0. What are the prime factors of o(b)?
2, 3, 11
Let x = 583 - 347. Suppose j - x = 185. List the prime factors of j.
421
Let h(c) = -c**3 - 16*c**2 + 28*c + 47. Let i(z) = -z**3 - 26*z**2 + 25*z - 74. Let f be i(-27). What are the prime factors of h(f)?
1087
Suppose 3 = -k - 2*y, 0 = -2*k + 5*y - 24 - 9. What are the prime factors of 12*(-42)/k - (-10)/(-5)?
2, 3
List the prime factors of 18/(-10)*37075/(-15).
3, 1483
Suppose 28*u - 33*u + 50760 = -5*y, 0 = 5*y - 40. List the prime factors of u.
2, 5, 127
Let y(x) = 2*x - 7. Let i be (0 + (-3)/6)*-10 - 0. Let j be y(i). Suppose -j*t = -t + v - 19, -27 = -t - 4*v. What are the prime factors of t?
7
Suppose 4*v + 13*s - 316488 = 9*s, 2373966 = 30*v - 4*s. What are the prime factors of v?
3, 13, 2029
Let l be 11833 + (-4)/(-4)*-9. Suppose 9*t - l = 1190. What are the prime factors of t?
2, 3, 241
Let t(j) = 19 - 18*j - 33 + 4 + 16. Let s be (2 - -1)*3/(-1). List the prime factors of t(s).
2, 3, 7
Let d be 3 + (6676/(-16))/(2/(-24)). Let r = 8806 - d. List the prime factors of (r/(-78))/(4/(-6)).
73
Let d = 57 - 137. Let f = d - -85. Suppose -46 = -2*w - v + 5*v, f*v = -2*w + 10. List the prime factors of w.
3, 5
Suppose -23*l - 220252 = -6*l. What are the prime factors of l/(-12) + (48/9 - 5)?
2, 3, 5
Let y(u) = 10*u**2 + 16*u - 30. Let p(j) = -4*j + 25. Let i be p(4). List the prime factors of y(i).
2, 3, 7, 11
Let s = 74 + -69. Suppose -368 - 297 = -5*m + 5*y, -3*y = s*m - 665. Suppose 0 = 3*u - 5*a - m, -a - 2*a = 4*u - 187. What are the prime factors of u?
2, 23
Suppose -21*g - 32*g - 153917 = -1514480. What are the prime factors of g?
3, 43, 199
Let h = 21 - 16. Suppose h*u + 855 = 10*u. List the prime factors of u.
3, 19
Suppose -4*w + 64 = -12*w. Let o(n) = -84*n + 25. What are the prime factors of o(w)?
17, 41
Let i(q) = -q - 26. Let z be i(-32). Suppose 0 = -z*t - 19*t + 40050. List the prime factors of t.
2, 3, 89
Let b(w) = 476*w**2 + 19*w - 96. What are the prime factors of b(4)?
2, 3, 211
Let h = 2542 + -1072. Let w(u) = u**2 - 2*u - 29. Let b be w(-5). Suppose -b*q = q - h. What are the prime factors of q?
2, 3, 5, 7
Let y(l) = 113*l**2 + 54*l + 6. What are the prime factors of y(-8)?
2, 41, 83
Let y(n) = n**3 - n**2 - 451. Let q be y(0). Let i = q + 639. List the prime factors of i.
2, 47
Let m = -22 - -21. Let c be -6*(610/15)/m. Suppose 0 = 2*f + k - 166, 3*f + 2*k - c = 3*k. What are the prime factors of f?
2, 41
Suppose -o + 7925 = -901. What are the prime factors of o?
2, 3, 1471
Suppose -5*m + 74850 = 5*p, 25678 = 3*p + 4*m - 19226. List the prime factors of p.
2, 3, 13
Suppose -3*y + 3*v = -60, v + 2*v = -6. Let d = -80 + 132. Suppose y = r - d. What are the prime factors of r?
2, 5, 7
Let d(y) = 42 - 88 + 44 - y + 1135*y**2. List the prime factors of d(1).
2, 283
Let x(j) = 2*j**2 - 15*j + 57. Let p be x(7). Suppose p*s - 511 = 49*s. What are the prime factors of s?
7, 73
Let g = 10863 + -4693. List the prime factors of g.
2, 5, 617
List the prime factors of (82/(-4))/(340/(-127160)).
11, 17, 41
Let p(r) = -4*r**3 - 40*r**2 - 101*r - 2. List the prime factors of p(-14).
2, 3, 379
Let r = 164 + -172. Let c(k) = -5*k**2 + 4*k**2 + 2 - 12*k - 9*k + 7*k. List the prime factors of c(r).
2, 5
Suppose 3*y - 4*w = -11874, -w + 1366 = -y - 2591. Let s be 3/(-2)*y/9. Suppose -2*m = -5*k + 2*m + s, -k + 3*m + 134 = 0. What are the prime factors of k?
131
Let n(t) = -9*t + 27. Let m = 52 + -28. Suppose s = -3*s - m. What are the prime factors of n(s)?
3
Suppose -135*n = -377640 + 11138 - 233978. List the prime factors of n.
2, 139
Let b(q) = -q**2 - 16*q + 29. Let s be b(-20). List the prime factors of (-68)/s + 395/3.
7, 19
Let o be (-36)/(12/2) + 6. Suppose 15*f - 6109 - 1646 = o. List the prime factors of f.
11, 47
Let t = -20274 - -69708. List the prime factors of t.
2, 3, 7, 11, 107
Let m = -196 - -226. Suppose 0 = -0*z + 4*z - f + 23, -4*f + 14 = -3*z. Let x = m + z. What are the prime factors of x?
2, 3
Let f(t) = 18*t**2 - 139*t - 1862. What are the prime factors of f(-38)?
2, 3, 19, 43
Let a(f) be the second derivative of -f**5/20 + f**4/2 - f**3/3 - 3*f**2 - 3*f. Let r be a(4). What are the prime factors of (-8)/(-180)*-5 + 1210/r?
67
Let o be (-322)/(-5) - ((-80)/(-25))/8. Suppose 4*h + o = 2*a, -4*a + 10 + 6 = 0. Let k = h - -26. What are the prime factors of k?
2, 3
Let y = -24197 - -38878. What are the prime factors of y?
53, 277
Suppose -8*v = -13*v + 15. Suppose 4*q = 5*g - 6666, 10*q - 8*q - 4004 = -v*g. What are the prime factors of g?
2, 23, 29
Suppose -4*b + 33620 = 3*y, -3*b = -373*y + 368*y + 56043. What are the prime factors of y?
2, 3, 467
Suppose 0*y + 231 = 11*y. Suppose d = y - 15. Suppose 14 = w + d. What are the prime factors of w?
2
Let z(o) = -o**2 + 17*o - 40. Let s be z(16). Let g = 178 + s. List the prime factors of g.
2, 7, 11
Let 